f 11?
True
Is 108 a factor of 521315782?
False
Is 958 a factor of 621444439?
False
Is 38809088 a multiple of 53?
False
Does 2494 divide 77604549?
False
Is 809 a factor of 97633356?
True
Is 138 a factor of 9720683?
False
Is 717 a factor of 779973393?
True
Does 30 divide 17438250?
True
Does 454 divide 169013304?
True
Is 3 a factor of 6719977?
False
Is 25 a factor of 323432415?
False
Does 64 divide 50611008?
True
Is 158 a factor of 33966651?
False
Is 14 a factor of 13335672?
True
Is 977 a factor of 336215987?
True
Is 149519925 a multiple of 705?
True
Is 7 a factor of 30456376?
False
Is 3471041464 a multiple of 8657?
True
Is 53203605 a multiple of 65?
True
Is 1041008480 a multiple of 2546?
True
Is 155 a factor of 265331325?
True
Is 176 a factor of 391675084?
False
Is 64464116 a multiple of 550?
False
Is 94 a factor of 831116757?
False
Does 28 divide 115591499?
False
Is 77 a factor of 68921545?
True
Is 1113113813 a multiple of 469?
True
Is 1606035 a multiple of 12?
False
Does 34 divide 2500610002?
True
Is 11 a factor of 9929227?
True
Does 10 divide 18972300?
True
Does 4333 divide 772420276?
False
Is 10718 a factor of 4494809478?
False
Is 2541 a factor of 799299501?
True
Does 456 divide 128719398?
False
Is 77 a factor of 788392421?
False
Is 371 a factor of 7818825?
True
Is 269806944 a multiple of 66?
True
Is 3203574582 a multiple of 402?
True
Is 77970458 a multiple of 9?
False
Does 564 divide 992888724?
True
Is 57 a factor of 631078229?
False
Does 8167 divide 147577690?
True
Is 5881 a factor of 2769843180?
False
Does 37 divide 1181209749?
False
Does 16 divide 930688?
True
Is 108638976 a multiple of 424?
True
Is 90 a factor of 10931849?
False
Is 7 a factor of 102857353?
False
Does 3 divide 26164791?
True
Is 10968569 a multiple of 241?
False
Is 1789 a factor of 3261516097?
False
Is 242 a factor of 60790120?
False
Is 11446430 a multiple of 10?
True
Is 462 a factor of 2342530?
False
Is 59 a factor of 11059143?
False
Is 16 a factor of 2020638032?
True
Is 184196286 a multiple of 1398?
True
Is 7850 a factor of 3571665253?
False
Does 19 divide 467285639?
True
Does 1813 divide 29357909?
True
Does 306 divide 2453720976?
True
Does 43 divide 216761194?
True
Is 346 a factor of 10197658?
True
Is 13 a factor of 1453278474?
False
Is 722 a factor of 175673763?
False
Does 211 divide 9582277?
False
Does 6 divide 188373587?
False
Is 18790416 a multiple of 48?
True
Does 528 divide 2054316528?
True
Is 1887 a factor of 41238063?
False
Does 44 divide 99955448?
False
Does 2635 divide 20879267?
False
Is 3179 a factor of 29529731?
True
Is 560736800 a multiple of 25?
True
Does 2845 divide 86308765?
True
Does 12 divide 341578740?
True
Is 1443 a factor of 168084689?
False
Is 13 a factor of 819840329?
False
Is 14685336 a multiple of 59?
True
Is 5 a factor of 16220761?
False
Is 3810331 even?
False
Is 997 a factor of 81957904?
False
Is 80198844 a multiple of 12?
True
Is 4133 a factor of 3656814386?
False
Does 7 divide 4115160?
True
Does 1117 divide 214045125?
True
Does 2240 divide 812695759?
False
Is 232858958 a multiple of 59?
True
Does 91 divide 723593902?
False
Is 314156022 a multiple of 246?
True
Is 131644502 a multiple of 26?
False
Does 352 divide 2301684352?
True
Does 3254 divide 1797249280?
True
Is 9 a factor of 2395287?
True
Does 5 divide 2074427?
False
Is 224 a factor of 890530144?
True
Is 1695256614 a multiple of 18?
True
Is 20665200 a multiple of 863?
False
Is 1718 a factor of 253341434?
True
Is 204 a factor of 15821016?
True
Is 7134527 a multiple of 239?
False
Is 39 a factor of 1058623371?
True
Is 2254485693 a multiple of 11?
False
Is 80 a factor of 613883504?
False
Is 249818716 a multiple of 29?
False
Is 20 a factor of 1523537?
False
Is 23522993 a multiple of 144?
False
Is 17115823 even?
False
Is 34449324 a multiple of 364?
True
Does 235 divide 168450820?
True
Is 352663475 a multiple of 5935?
False
Is 2041 a factor of 154950679?
True
Does 59 divide 94406667?
True
Is 219299928 a multiple of 70?
False
Is 14 a factor of 3543863516?
False
Is 202 a factor of 146377070?
False
Is 2759 a factor of 16272582?
True
Is 280 a factor of 1339845317?
False
Does 73 divide 39865147?
False
Is 2400 a factor of 180809624?
False
Is 170 a factor of 42039640?
True
Does 56 divide 398338027?
False
Is 2037521121 a multiple of 1943?
True
Is 18 a factor of 8856054?
True
Is 4 a factor of 30866448?
True
Does 434 divide 130910872?
False
Is 217267318 a multiple of 4201?
True
Does 30 divide 58414620?
True
Is 144 a factor of 492128172?
False
Is 49926039 a multiple of 88?
False
Does 267 divide 6647719?
False
Is 39919740 a multiple of 12?
True
Is 873 a factor of 5267981?
False
Is 9 a factor of 447038244?
True
Is 216741326 a multiple of 1189?
False
Is 38745373 a multiple of 941?
False
Is 226729340 a multiple of 67?
True
Is 2113390916 a multiple of 1796?
True
Is 1616937168 a multiple of 462?
True
Is 1558 a factor of 318572284?
False
Does 719 divide 767323?
False
Is 99601204 a multiple of 236?
True
Does 12 divide 2892020100?
True
Is 613 a factor of 370981470?
True
Is 214 a factor of 1090844343?
False
Does 16 divide 5957693952?
True
Is 240 a factor of 1277959079?
False
Is 17560582 a multiple of 18?
False
Is 107679782 a multiple of 241?
False
Does 2964 divide 1535366820?
True
Is 28572775 a multiple of 77?
True
Is 2 a factor of 542792?
True
Is 688 a factor of 21178838?
False
Is 18 a factor of 36976788?
True
Is 3775 a factor of 77018369?
False
Is 260 a factor of 120907363?
False
Is 266065275 a multiple of 21?
True
Is 13836762 a multiple of 10?
False
Does 1732 divide 727412288?
True
Is 28963776 a multiple of 976?
True
Does 180 divide 1439500320?
True
Does 636 divide 63334788?
True
Does 69 divide 2870475293?
False
Is 395240852 a multiple of 78?
False
Is 8031 a factor of 659256759?
True
Is 1465 a factor of 846808090?
True
Does 4 divide 10008308?
True
Is 2 a factor of 34692?
True
Does 31 divide 1996705?
False
Is 26013622 a multiple of 22?
False
Is 50 a factor of 190944200?
True
Does 12 divide 1266127620?
True
Does 87 divide 524476020?
True
Is 617292888 a multiple of 809?
True
Is 148234539 a multiple of 3?
True
Does 69 divide 1220711085?
True
Is 33718855 a multiple of 191?
False
Does 196 divide 11746743?
False
Is 144 a factor of 2142853?
False
Is 260 a factor of 1387899176?
False
Is 1095660241 a multiple of 41?
False
Is 383 a factor of 120922675?
True
Is 187224780 a multiple of 6?
True
Is 242536586 a multiple of 17?
True
Is 60744982 a multiple of 338?
False
Is 3820510 a multiple of 365?
False
Is 14083600 a multiple of 50?
True
Is 126 a factor of 921646514?
False
Is 1020 a factor of 365944380?
True
Is 2580147037 a multiple of 28?
False
Is 171259138 a multiple of 2006?
False
Is 9011599 a multiple of 211?
True
Does 234 divide 22287167?
False
Is 18 a factor of 30091608?
True
Is 29412709 a multiple of 145?
False
Does 185 divide 432534894?
False
Is 11371620 a multiple of 4?
True
Is 13 a factor of 187815316?
True
Is 503523758 a multiple of 1613?
True
Is 8990516 a multiple of 244?
False
Does 2478 divide 66301368?
True
Is 5208432 a multiple of 912?
True
Does 1064 divide 1874468782?
False
Is 531185070 a multiple of 102?
False
Does 36 divide 1036837011?
False
Is 182431215 a multiple of 16?
False
Is 2352 a factor of 753150384?
True
Is 236 a factor of 171545122?
False
Is 1396 a factor of 667598402?
False
Is 43521172 a multiple of 5?
False
Does 1744 divide 868240992?
False
Does 44 divide 725202200?
False
Is 1066 a factor of 1396564?
False
Is 12 a factor of 128451519?
False
Is 145 a factor of 282239890?
True
Is 1669 a factor of 1538489207?
True
Is 3586512 a multiple of 47?
False
Does 1307 divide 412671985?
False
Does 10 divide 34162650?
True
Does 8 divide 4547194608?
True
Does 13 divide 243287265?
True
Is 6 a factor of 29347122?
True
Is 312 a factor of 76373785?
False
Is 2404 a factor of 144735224?
True
Is 1685473 a multiple of 73?
False
Does 1328 divide 3168608?
True
Is 465233500 a multiple of 125?
True
Does 490 divide 8305990?
True
Does 1486 divide 456264362?
False
Is 14933268 a multiple of 36?
True
Is 1585 a factor of 82702130?
True
Is 212982562 a multiple of 34?
True
Does 15 divide 1009100566?
False
Does 2 divide 252006845?
False
Does 412 divide 41304236?
True
Does 655 divide 12038245?
True
Is 15170067 a multiple of 11?
Tr